atest common divisor of 39 and o?
39
Suppose x + 18*x - 2318 = 0. What is the greatest common factor of 1159 and x?
61
Let o(h) = -h**2 + 11*h - 12. Let u be o(8). Suppose 0 = -14*x - 7*x + 84. What is the greatest common factor of u and x?
4
Let o(d) be the first derivative of -25*d**2 + 5*d - 2. Let g be o(-2). Calculate the greatest common factor of g and 42.
21
Let o = -256 - -274. Calculate the highest common divisor of o and 24.
6
Let b(u) = -3*u**3 - 4*u**2 + 8*u. Let i be b(-6). What is the highest common divisor of 57 and i?
57
Let x be (-639)/18 - (3/(-2))/1. Let j be (-11305)/x + (-2)/(-4). What is the greatest common divisor of 37 and j?
37
Let q be ((-128)/(-160))/((-2)/(-15)). Calculate the highest common divisor of 12 and q.
6
Let v = 42 - -223. Suppose 5*l - 65 - v = 0. Suppose -j - 6 + l = 0. What is the highest common factor of j and 24?
12
Let n(j) = -j**3 + 3*j + 1. Let f be n(-2). Let d be 0/((4 - f)/1). Let y = 10 + d. Calculate the highest common factor of 110 and y.
10
Let d(z) = 3*z + 1. Let f be d(5). Suppose -2*b + 6 = f. Let y(n) = -n + 1. Let m be y(b). Calculate the greatest common factor of 15 and m.
3
Suppose -3*d + d - 4 = 0. Let n be 2 - -1 - (1 + d). Calculate the greatest common factor of 20 and n.
4
Let h = -1481 + 1528. What is the greatest common divisor of h and 1175?
47
Let u = -277 + 352. Suppose 0 = -2*r + r + 15. Calculate the greatest common factor of r and u.
15
Let l = 6063 - 6052. Let v be (11/4)/((-3)/(-12)). What is the highest common factor of v and l?
11
Let n be (-294)/98 - (2*-34 - -1). What is the highest common divisor of 128 and n?
64
Let o = -13860 + 13872. Suppose -3*t + 21 + 159 = 0. Calculate the highest common factor of t and o.
12
Let o be (58/5 - 10)/(4/30). Suppose 4*t + 2*v = 6*t - 240, 0 = -2*v. What is the greatest common factor of t and o?
12
Let i = -30 - -34. What is the highest common factor of 116 and i?
4
Let o be ((4 - -299) + 4)/1 - -5. Calculate the greatest common factor of o and 24.
24
Let z(j) = -49*j + 39. Let n be z(0). Calculate the highest common factor of 689 and n.
13
Suppose 0 = -r + 5, -12*r + 13*r + 10 = u. Suppose b = 87 - 12. What is the highest common factor of u and b?
15
Let b = 173 - -187. Suppose -4*l + 120 = -3*l - 4*k, 3*l = -k + b. What is the greatest common divisor of l and 15?
15
Suppose 320 = -37*l + 42*l. Suppose m - 7 + 3 = 0. What is the greatest common factor of m and l?
4
Let j = -55 + 55. Suppose j = 9*g - 8*g - 17. What is the highest common factor of g and 51?
17
Let n(f) = f - 2. Let s be n(-6). Let j(a) be the second derivative of a**3/6 + 6*a**2 + 5*a - 4. Let t be j(s). What is the greatest common factor of 16 and t?
4
Suppose d = -0*d + 418. Suppose -9 - 177 = -5*l - f, 3*f = -2*l + 64. What is the greatest common factor of l and d?
38
Suppose 4*f = -76 + 532. Let u = 162 - f. Let w be (-12)/(-3 - (0 - 2)). What is the greatest common divisor of w and u?
12
Let v be ((-8)/6)/(4/(-246)). Suppose 5*i = -5*j + 130, -4*j + v = -4*i + 7*i. Calculate the highest common factor of 44 and i.
22
Let j be 20/(8*3/12). What is the greatest common factor of j and 20?
10
Suppose 0 = -0*w + 2*w - 46. Suppose w = 3*z - 13. Let u(n) = 11*n + 7. Let q be u(7). Calculate the highest common divisor of q and z.
12
Suppose 10*r = 27 + 3. Suppose -3*u + 9 = -3. Suppose -f = -4*y - 13 + 32, r*f = u*y - 25. Calculate the highest common divisor of y and 36.
4
Let s be (3/(-6))/(2/(-44)). Suppose -18*b = -22*b + 4. What is the greatest common factor of s and b?
1
Suppose -33*a = -34*a + 92. Suppose 3*k = a - 17. What is the greatest common factor of 125 and k?
25
Let x(r) = -2*r + 13. Let z be x(-11). What is the highest common factor of 35 and z?
35
Let z be 18/12 - 111/(-6). Calculate the greatest common divisor of z and 100.
20
Suppose -20 = -5*n, -53*g + 4*n + 26 = -51*g. What is the greatest common factor of g and 224?
7
Let w(k) = k**2 - 5*k + 3. Let m(t) = t**2 + 2*t - 5. Let n be m(-4). Let d = n - -3. Let b be w(d). What is the greatest common factor of b and 6?
3
Let i(g) = 31*g + 72. Let f be i(9). Calculate the highest common divisor of 39 and f.
39
Let t = -589 - -708. What is the highest common divisor of t and 136?
17
Let t = 1246 - 1204. Suppose 5*y - 27 = 3. What is the highest common divisor of t and y?
6
Let z be 2/(-7) - 158/(-14). Let p(x) = -x**2 + 3*x + 2. Let v be p(3). Suppose v*c - 4 = -2. Calculate the highest common divisor of c and z.
1
Suppose w - 2 + 5 = 0. Let t = w - -3. Suppose 2*m - 24 = -t*m. What is the greatest common factor of 12 and m?
12
Suppose -2*l = 12*k - 9*k - 42, -3*k + 63 = -5*l. What is the highest common divisor of 304 and k?
16
Let k = -264 + 268. Calculate the greatest common divisor of 5 and k.
1
Suppose 3*m - 4*c = -8 - 6, -3*m + 3*c - 9 = 0. Suppose -180 = -m*v - 8*v. What is the greatest common divisor of v and 144?
18
Suppose 0 = -m - 4*m + 4*x + 918, -4*m + 738 = -2*x. What is the greatest common divisor of 6 and m?
6
Let t be (-4)/((-12)/(-33))*-1. Let i = t + 8. Calculate the greatest common divisor of 152 and i.
19
Let q(i) = -29*i - 97. Let h be q(-21). Calculate the highest common factor of h and 16.
16
Let m = 22 - -18. Suppose 0 = 4*f - 1 - 15. Let u = f + 6. What is the highest common divisor of m and u?
10
Suppose -3*w + 24 = -h, -23*w + 2*h = -22*w - 8. Calculate the highest common factor of 10 and w.
2
Suppose 0 = -23*r + 13*r + 340. Calculate the greatest common factor of r and 34.
34
Let b be 0/((-2 - -8)/(-3)). Suppose -h + 0*h = 5*s - 7, -2*s = -2. Let l be (h - (3 + b))*-19. What is the greatest common factor of 209 and l?
19
Let y be ((-220)/(-9))/2 - (-16)/(-72). Let n(i) = -i**3 + 9*i**2 + 10. Let m be n(7). What is the greatest common factor of y and m?
12
Let c = -168 + 34. Let u be (c/(-36) - 2/9)*4. What is the highest common divisor of 126 and u?
14
Let y be (4/10)/((-6)/(-30)). Let t be (y/4)/(7/1890). Suppose 45 = s - 5*h, h + t = 4*s + 31. Calculate the highest common factor of s and 10.
5
Let t be 196/5 - (-2)/(-10). Let b = -4 - -7. Suppose -5*f + 6*u + t = b*u, 18 = 2*f - 2*u. Calculate the greatest common divisor of 54 and f.
6
Let x(l) = l**3 - 23*l**2 + l - 13. Let a be x(23). Let u be -6*1/((-3)/2). Calculate the greatest common divisor of u and a.
2
Suppose -4*r - 4*x = 168, 0 = 5*r - 5*x + 67 + 103. Let v = r - -326. Suppose -v = a - 5*a. Calculate the greatest common divisor of 8 and a.
8
Suppose 0 = -9*f + 8*f + 6. Let h be 38/f - 20/(-30). Suppose -488 = -4*q - 2*p, -136 = -q - h*p + 3*p. Calculate the highest common factor of q and 24.
24
Suppose -2*x + 1620 = 3*x. Suppose -5*p = -9*p + x. Suppose 4*y - 56 = 5*t, 5*t = -y - 6 - 5. Calculate the greatest common divisor of y and p.
9
Suppose -4*y - 4*h - 13 - 31 = 0, -36 = 3*y + 4*h. Let n = y + 14. Let f be -6*6/(-18) - -4. Calculate the highest common divisor of f and n.
6
Let d = 78 - 61. Suppose -16 = -21*n + d*n. What is the highest common divisor of n and 36?
4
Let v(q) = q**2 - 14*q + 5. Let z(x) = -2*x**2 - 14*x - 2. Let m be z(-5). Let d be v(m). What is the highest common factor of d and 11?
11
Let d be (-6314)/(-533) - (-2)/13. Calculate the highest common factor of 18 and d.
6
Let w(j) = -j**3 + 7*j**2 + 10*j + 1. Let r be w(8). Let y be -2 + (3 - 2/(-2)). Suppose 19 = y*z - 15. Calculate the greatest common divisor of z and r.
17
Suppose 9*p = 3439 + 404. What is the greatest common divisor of p and 14?
7
Suppose 0 = -22*v + 1713 + 2907. Calculate the highest common factor of v and 60.
30
Suppose -8 = 10*w - 158. Calculate the greatest common divisor of w and 465.
15
Suppose 2*t = -3*o - 0*o + 385, -o + 2*t = -131. Let u = -108 + o. Calculate the greatest common factor of u and 6.
3
Let i(u) = -u**3 - 4*u**2 + 3*u - 8. Let w be i(-5). Suppose -38 = -w*q + 3*b, 5*q - 5*b - 1 = 104. What is the greatest common factor of q and 5?
5
Let j be 6/2 + 42/6. Let w be 554/j - (-3)/5. What is the highest common factor of 7 and w?
7
Let j = 243 - 128. Let v be 6/(-12) + (141/6 - 0). What is the greatest common divisor of v and j?
23
Let b be (-57048)/(-30) - 3 - (-12)/(-20). Calculate the greatest common factor of b and 26.
26
Let l be (4/(-6))/((-14)/147). Suppose -4*c + 5 + l = 0. Suppose c*n = -2*x + 73